{"id":54,"date":"2018-05-02T18:56:21","date_gmt":"2018-05-02T18:56:21","guid":{"rendered":"http:\/\/duosong.sk\/?page_id=54"},"modified":"2020-05-06T16:51:17","modified_gmt":"2020-05-06T16:51:17","slug":"kontakt","status":"publish","type":"page","link":"https:\/\/duosong.sk\/?page_id=54","title":{"rendered":"Kontakt"},"content":{"rendered":"<h3 style=\"text-align: center;\"><span class=\"styl74\"><span class=\"style37\"><span style=\"color: #10707a;\"><strong>Hudobn\u00e1 skupina SONG<\/strong><\/span><\/span><\/span><\/h3>\n<h4 style=\"text-align: center;\"><span class=\"styl74\"><span class=\"style37\">Ivan B\u00fari<br \/>\nLevice<\/span><\/span><\/h4>\n<h4 style=\"text-align: center;\">t.\u010d.:\u00a0<strong>0902 264 482<\/strong><\/h4>\n<p style=\"text-align: center;\">e-mail: <strong>duosongsk@gmail.com<\/strong><\/p>\n<p>&nbsp;<\/p>\n<p style=\"text-align: center;\"><a href=\"http:\/\/duosong.sk\/wp-content\/uploads\/2018\/05\/qrcode.png\"><img loading=\"lazy\" decoding=\"async\" class=\"alignnone size-full wp-image-200\" src=\"http:\/\/duosong.sk\/wp-content\/uploads\/2018\/05\/qrcode.png\" alt=\"\" width=\"250\" height=\"250\" srcset=\"https:\/\/duosong.sk\/wp-content\/uploads\/2018\/05\/qrcode.png 250w, https:\/\/duosong.sk\/wp-content\/uploads\/2018\/05\/qrcode-150x150.png 150w\" sizes=\"(max-width: 250px) 100vw, 250px\" \/><\/a><\/p>\n<p>&nbsp;<\/p>\n<p style=\"text-align: center;\"><a href=\"http:\/\/duosong.sk\/wp-content\/uploads\/2018\/05\/logo.ico\"><img loading=\"lazy\" decoding=\"async\" class=\"alignnone size-medium wp-image-201\" src=\"http:\/\/duosong.sk\/wp-content\/uploads\/2018\/05\/logo.ico\" alt=\"\" width=\"1\" height=\"1\" \/><\/a> <a href=\"http:\/\/duosong.sk\/wp-content\/uploads\/2018\/05\/logo-1.ico\"><img loading=\"lazy\" decoding=\"async\" class=\"alignnone size-medium wp-image-202\" src=\"http:\/\/duosong.sk\/wp-content\/uploads\/2018\/05\/logo-1.ico\" alt=\"\" width=\"1\" height=\"1\" \/><\/a> <a href=\"https:\/\/www.facebook.com\/duosonglevice\/\" target=\"_blank\" rel=\"noopener\"><img loading=\"lazy\" decoding=\"async\" class=\"alignnone size-medium wp-image-203\" src=\"http:\/\/duosong.sk\/wp-content\/uploads\/2018\/05\/3-128.png\" alt=\"\" width=\"128\" height=\"128\" \/><\/a><\/p>\n<p>&nbsp;<\/p>\n<p>&nbsp;<\/p>\n","protected":false},"excerpt":{"rendered":"<p>Hudobn\u00e1 skupina SONG Ivan B\u00fari Levice t.\u010d.:\u00a00902 264 482 e-mail: duosongsk@gmail.com &nbsp; &nbsp; &nbsp; &nbsp;<\/p>\n","protected":false},"author":1,"featured_media":580,"parent":0,"menu_order":0,"comment_status":"closed","ping_status":"closed","template":"","meta":{"footnotes":""},"_links":{"self":[{"href":"https:\/\/duosong.sk\/index.php?rest_route=\/wp\/v2\/pages\/54"}],"collection":[{"href":"https:\/\/duosong.sk\/index.php?rest_route=\/wp\/v2\/pages"}],"about":[{"href":"https:\/\/duosong.sk\/index.php?rest_route=\/wp\/v2\/types\/page"}],"author":[{"embeddable":true,"href":"https:\/\/duosong.sk\/index.php?rest_route=\/wp\/v2\/users\/1"}],"replies":[{"embeddable":true,"href":"https:\/\/duosong.sk\/index.php?rest_route=%2Fwp%2Fv2%2Fcomments&post=54"}],"version-history":[{"count":10,"href":"https:\/\/duosong.sk\/index.php?rest_route=\/wp\/v2\/pages\/54\/revisions"}],"predecessor-version":[{"id":445,"href":"https:\/\/duosong.sk\/index.php?rest_route=\/wp\/v2\/pages\/54\/revisions\/445"}],"wp:featuredmedia":[{"embeddable":true,"href":"https:\/\/duosong.sk\/index.php?rest_route=\/wp\/v2\/media\/580"}],"wp:attachment":[{"href":"https:\/\/duosong.sk\/index.php?rest_route=%2Fwp%2Fv2%2Fmedia&parent=54"}],"curies":[{"name":"wp","href":"https:\/\/api.w.org\/{rel}","templated":true}]}}